{"id":28,"date":"2021-02-14T16:17:08","date_gmt":"2021-02-14T16:17:08","guid":{"rendered":"http:\/\/banionis.lt\/?page_id=28"},"modified":"2021-03-04T14:08:34","modified_gmt":"2021-03-04T14:08:34","slug":"biografija","status":"publish","type":"page","link":"https:\/\/banionis.lt\/index.php\/biografija\/","title":{"rendered":"Biografija"},"content":{"rendered":"\t\t<div data-elementor-type=\"wp-page\" data-elementor-id=\"28\" class=\"elementor elementor-28\" data-elementor-settings=\"[]\">\n\t\t\t\t\t\t\t<div class=\"elementor-section-wrap\">\n\t\t\t\t\t\t\t<section class=\"elementor-section elementor-top-section elementor-element elementor-element-2d1ced9 elementor-section-boxed elementor-section-height-default elementor-section-height-default\" data-id=\"2d1ced9\" data-element_type=\"section\">\n\t\t\t\t\t\t<div class=\"elementor-container elementor-column-gap-default\">\n\t\t\t\t\t<div class=\"elementor-column elementor-col-100 elementor-top-column elementor-element elementor-element-cda7e00\" data-id=\"cda7e00\" data-element_type=\"column\">\n\t\t\t<div class=\"elementor-widget-wrap elementor-element-populated\">\n\t\t\t\t\t\t\t\t<div class=\"elementor-element elementor-element-9f21aaf elementor-widget elementor-widget-spacer\" data-id=\"9f21aaf\" data-element_type=\"widget\" data-widget_type=\"spacer.default\">\n\t\t\t\t<div class=\"elementor-widget-container\">\n\t\t\t\t\t<div class=\"elementor-spacer\">\n\t\t\t<div class=\"elementor-spacer-inner\"><\/div>\n\t\t<\/div>\n\t\t\t\t<\/div>\n\t\t\t\t<\/div>\n\t\t\t\t\t<\/div>\n\t\t<\/div>\n\t\t\t\t\t\t\t<\/div>\n\t\t<\/section>\n\t\t\t\t<section class=\"elementor-section elementor-top-section elementor-element elementor-element-6a5dea7 elementor-section-boxed elementor-section-height-default elementor-section-height-default elementor-invisible\" data-id=\"6a5dea7\" data-element_type=\"section\" data-settings=\"{&quot;animation&quot;:&quot;slideInDown&quot;}\">\n\t\t\t\t\t\t<div class=\"elementor-container elementor-column-gap-default\">\n\t\t\t\t\t<div class=\"elementor-column elementor-col-100 elementor-top-column elementor-element elementor-element-730d130\" data-id=\"730d130\" data-element_type=\"column\">\n\t\t\t<div class=\"elementor-widget-wrap elementor-element-populated\">\n\t\t\t\t\t\t\t\t<div class=\"elementor-element elementor-element-96e3c51 elementor-invisible elementor-widget elementor-widget-heading\" data-id=\"96e3c51\" data-element_type=\"widget\" data-settings=\"{&quot;_animation&quot;:&quot;slideInDown&quot;}\" data-widget_type=\"heading.default\">\n\t\t\t\t<div class=\"elementor-widget-container\">\n\t\t\t<h1 class=\"elementor-heading-title elementor-size-default\">Biografija<\/h1>\t\t<\/div>\n\t\t\t\t<\/div>\n\t\t\t\t<div class=\"elementor-element elementor-element-014bf5c elementor-widget elementor-widget-spacer\" data-id=\"014bf5c\" data-element_type=\"widget\" data-widget_type=\"spacer.default\">\n\t\t\t\t<div class=\"elementor-widget-container\">\n\t\t\t\t\t<div class=\"elementor-spacer\">\n\t\t\t<div class=\"elementor-spacer-inner\"><\/div>\n\t\t<\/div>\n\t\t\t\t<\/div>\n\t\t\t\t<\/div>\n\t\t\t\t\t<\/div>\n\t\t<\/div>\n\t\t\t\t\t\t\t<\/div>\n\t\t<\/section>\n\t\t\t\t<section class=\"elementor-section elementor-top-section elementor-element elementor-element-ed3da4f elementor-section-boxed elementor-section-height-default elementor-section-height-default elementor-invisible\" data-id=\"ed3da4f\" data-element_type=\"section\" data-settings=\"{&quot;animation&quot;:&quot;fadeIn&quot;}\">\n\t\t\t\t\t\t<div class=\"elementor-container elementor-column-gap-default\">\n\t\t\t\t\t<div class=\"elementor-column elementor-col-100 elementor-top-column elementor-element elementor-element-c521125\" data-id=\"c521125\" data-element_type=\"column\">\n\t\t\t<div class=\"elementor-widget-wrap elementor-element-populated\">\n\t\t\t\t\t\t\t\t<div class=\"elementor-element elementor-element-1e1e4c6 elementor-widget elementor-widget-text-editor\" data-id=\"1e1e4c6\" data-element_type=\"widget\" data-widget_type=\"text-editor.default\">\n\t\t\t\t<div class=\"elementor-widget-container\">\n\t\t\t\t\t\t\t\t<p>Raimundas Banionis gim\u0117 1957 metais Panev\u0117\u017eyje, dramos teatro, vadovaujamo legendinio re\u017eisieriaus Juozo Miltinio, aktori\u0173 Donato Banionio ir Onos Banionien\u0117s \u0161eimoje. Pirm\u0105 kart\u0105 i\u0161\u0117jo \u012f scen\u0105 b\u016bdamas trej\u0173 met\u0173 \u2013 atliko epizodin\u012f vaidmen\u012f W. Shakespeare&#8217;o \u201eMakbete\u201c (re\u017e. J. Miltinis). Ne kart\u0105 vaidino \u012fvairiuose vaiki\u0161kuose spektakliuose, dalyvavo masin\u0117se scenose. Did\u017eiausias vaidmuo teatre \u2013 d\u0117d\u0117 Madansalis J. Anouilh pjes\u0117je \u201eKeleivis be baga\u017eo\u201c (re\u017e. J. Miltinis, 1968 m.). Mokydamasis vidurin\u0117je mokykloje atliko pagrindinius vaidmenis filmuose \u201ePenketas narsuoli\u0173\u201c (\u201eBelarusfilm\u201c, re\u017e. G. Martyniuk, 1970 m.), \u201ePenkioliktas pavasaris\u201c (\u201eGorkio vardo k\/st.\u201c, re\u017e. I. Tumanjan, 1972 m.) bei epizodinius vaidmenis filmuose \u201eRudabelkos respublika\u201c (\u201eBelarusfilm\u201c, 1971 m.), \u201eSoliaris\u201c (\u201eMosfilm\u201c, re\u017e. A. Tarkovskis, 1972 m.).<\/p>\t\t\t\t\t\t<\/div>\n\t\t\t\t<\/div>\n\t\t\t\t<section class=\"elementor-section elementor-inner-section elementor-element elementor-element-9581607 elementor-section-boxed elementor-section-height-default elementor-section-height-default elementor-invisible\" data-id=\"9581607\" data-element_type=\"section\" data-settings=\"{&quot;animation&quot;:&quot;fadeIn&quot;}\">\n\t\t\t\t\t\t<div class=\"elementor-container elementor-column-gap-default\">\n\t\t\t\t\t<div class=\"elementor-column elementor-col-50 elementor-inner-column elementor-element elementor-element-8a9b874\" data-id=\"8a9b874\" data-element_type=\"column\">\n\t\t\t<div class=\"elementor-widget-wrap elementor-element-populated\">\n\t\t\t\t\t\t\t\t<div class=\"elementor-element elementor-element-dee4488 elementor-position-top elementor-vertical-align-top elementor-widget elementor-widget-image-box\" data-id=\"dee4488\" data-element_type=\"widget\" data-widget_type=\"image-box.default\">\n\t\t\t\t<div class=\"elementor-widget-container\">\n\t\t\t<div class=\"elementor-image-box-wrapper\"><figure class=\"elementor-image-box-img\"><img width=\"422\" height=\"640\" src=\"https:\/\/banionis.lt\/wp-content\/uploads\/2021\/03\/Makbetas-1960-rotated.jpeg\" class=\"attachment-medium_large size-medium_large\" alt=\"Makbetas 1960\" loading=\"lazy\" srcset=\"https:\/\/banionis.lt\/wp-content\/uploads\/2021\/03\/Makbetas-1960-rotated.jpeg 422w, https:\/\/banionis.lt\/wp-content\/uploads\/2021\/03\/Makbetas-1960-198x300.jpeg 198w\" sizes=\"(max-width: 422px) 100vw, 422px\" \/><\/figure><div class=\"elementor-image-box-content\"><p class=\"elementor-image-box-description\">Makbetas 1960<\/p><\/div><\/div>\t\t<\/div>\n\t\t\t\t<\/div>\n\t\t\t\t\t<\/div>\n\t\t<\/div>\n\t\t\t\t<div class=\"elementor-column elementor-col-50 elementor-inner-column elementor-element elementor-element-149efc1\" data-id=\"149efc1\" data-element_type=\"column\">\n\t\t\t<div class=\"elementor-widget-wrap elementor-element-populated\">\n\t\t\t\t\t\t\t\t<div class=\"elementor-element elementor-element-e29c773 elementor-position-top elementor-vertical-align-top elementor-widget elementor-widget-image-box\" data-id=\"e29c773\" data-element_type=\"widget\" data-widget_type=\"image-box.default\">\n\t\t\t\t<div class=\"elementor-widget-container\">\n\t\t\t<div class=\"elementor-image-box-wrapper\"><figure class=\"elementor-image-box-img\"><img width=\"640\" height=\"410\" src=\"https:\/\/banionis.lt\/wp-content\/uploads\/2021\/03\/Penkioliktas-pavasaris.jpeg\" class=\"attachment-large size-large\" alt=\"Penkioliktas pavasaris 1972\" loading=\"lazy\" srcset=\"https:\/\/banionis.lt\/wp-content\/uploads\/2021\/03\/Penkioliktas-pavasaris.jpeg 640w, https:\/\/banionis.lt\/wp-content\/uploads\/2021\/03\/Penkioliktas-pavasaris-300x192.jpeg 300w\" sizes=\"(max-width: 640px) 100vw, 640px\" \/><\/figure><div class=\"elementor-image-box-content\"><p class=\"elementor-image-box-description\">Penkioliktas pavasaris 1972<\/p><\/div><\/div>\t\t<\/div>\n\t\t\t\t<\/div>\n\t\t\t\t\t<\/div>\n\t\t<\/div>\n\t\t\t\t\t\t\t<\/div>\n\t\t<\/section>\n\t\t\t\t\t<\/div>\n\t\t<\/div>\n\t\t\t\t\t\t\t<\/div>\n\t\t<\/section>\n\t\t\t\t<section class=\"elementor-section elementor-top-section elementor-element elementor-element-55d7be0 elementor-section-boxed elementor-section-height-default elementor-section-height-default\" data-id=\"55d7be0\" data-element_type=\"section\">\n\t\t\t\t\t\t<div class=\"elementor-container elementor-column-gap-default\">\n\t\t\t\t\t<div class=\"elementor-column elementor-col-100 elementor-top-column elementor-element elementor-element-1f23626\" data-id=\"1f23626\" data-element_type=\"column\">\n\t\t\t<div class=\"elementor-widget-wrap elementor-element-populated\">\n\t\t\t\t\t\t\t\t<div class=\"elementor-element elementor-element-f927a76 elementor-widget elementor-widget-text-editor\" data-id=\"f927a76\" data-element_type=\"widget\" data-widget_type=\"text-editor.default\">\n\t\t\t\t<div class=\"elementor-widget-container\">\n\t\t\t\t\t\t\t\t<p>1980 metais baig\u0117 S\u0105jungin\u012f Valstybin\u012f Kinematografijos Institut\u0105 Maskvoje (VGIK). Kurso vadovai \u2013 Levas Kulid\u017eanovas ir Tatjana Lioznova. U\u017e diplomin\u012f darb\u0105 \u2013 30 min. vaidybin\u012f film\u0105 \u201eGreitis \u2013 mano Dievas\u201c \u2013 gavo pagrindin\u012f priz\u0105 SVKI festivalyje.<\/p><p>Nuo 1980 met\u0173 dirbo re\u017eisieriumi-statytoju Lietuvos kino studijoje. Nuo 1991 met\u0173 dirba re\u017eisieriumi UAB \u201eLITNEK\u201c, taip pat pagal sutartis dirba teatre, TV ir kitur.<\/p><p>\u0160iuo metu Jis u\u017esiima individualia veikla.<\/p>\t\t\t\t\t\t<\/div>\n\t\t\t\t<\/div>\n\t\t\t\t\t<\/div>\n\t\t<\/div>\n\t\t\t\t\t\t\t<\/div>\n\t\t<\/section>\n\t\t\t\t<section class=\"elementor-section elementor-top-section elementor-element elementor-element-5388c6b elementor-section-boxed elementor-section-height-default elementor-section-height-default elementor-invisible\" data-id=\"5388c6b\" data-element_type=\"section\" data-settings=\"{&quot;animation&quot;:&quot;fadeIn&quot;}\">\n\t\t\t\t\t\t<div class=\"elementor-container elementor-column-gap-default\">\n\t\t\t\t\t<div class=\"elementor-column elementor-col-33 elementor-top-column elementor-element elementor-element-b0495bd\" data-id=\"b0495bd\" data-element_type=\"column\">\n\t\t\t<div class=\"elementor-widget-wrap elementor-element-populated\">\n\t\t\t\t\t\t\t\t<div class=\"elementor-element elementor-element-bf0db97 elementor-position-top elementor-vertical-align-top elementor-widget elementor-widget-image-box\" data-id=\"bf0db97\" data-element_type=\"widget\" data-widget_type=\"image-box.default\">\n\t\t\t\t<div class=\"elementor-widget-container\">\n\t\t\t<div class=\"elementor-image-box-wrapper\"><figure class=\"elementor-image-box-img\"><img width=\"600\" height=\"425\" src=\"https:\/\/banionis.lt\/wp-content\/uploads\/2021\/03\/Penketas-narsuoliu.jpg\" class=\"attachment-medium_large size-medium_large\" alt=\"\" loading=\"lazy\" srcset=\"https:\/\/banionis.lt\/wp-content\/uploads\/2021\/03\/Penketas-narsuoliu.jpg 600w, https:\/\/banionis.lt\/wp-content\/uploads\/2021\/03\/Penketas-narsuoliu-300x213.jpg 300w\" sizes=\"(max-width: 600px) 100vw, 600px\" \/><\/figure><div class=\"elementor-image-box-content\"><p class=\"elementor-image-box-description\">Penketas narsuoli\u0173 1970<\/p><\/div><\/div>\t\t<\/div>\n\t\t\t\t<\/div>\n\t\t\t\t\t<\/div>\n\t\t<\/div>\n\t\t\t\t<div class=\"elementor-column elementor-col-33 elementor-top-column elementor-element elementor-element-bb7c56b\" data-id=\"bb7c56b\" data-element_type=\"column\">\n\t\t\t<div class=\"elementor-widget-wrap elementor-element-populated\">\n\t\t\t\t\t\t\t\t<div class=\"elementor-element elementor-element-747e9a3 elementor-position-top elementor-vertical-align-top elementor-widget elementor-widget-image-box\" data-id=\"747e9a3\" data-element_type=\"widget\" data-widget_type=\"image-box.default\">\n\t\t\t\t<div class=\"elementor-widget-container\">\n\t\t\t<div class=\"elementor-image-box-wrapper\"><figure class=\"elementor-image-box-img\"><img width=\"150\" height=\"210\" src=\"https:\/\/banionis.lt\/wp-content\/uploads\/2021\/03\/soliaris-1972.jpg\" class=\"attachment-medium_large size-medium_large\" alt=\"Soliaris 1972\" loading=\"lazy\" \/><\/figure><div class=\"elementor-image-box-content\"><p class=\"elementor-image-box-description\">Soliaris 1972<\/p><\/div><\/div>\t\t<\/div>\n\t\t\t\t<\/div>\n\t\t\t\t\t<\/div>\n\t\t<\/div>\n\t\t\t\t<div class=\"elementor-column elementor-col-33 elementor-top-column elementor-element elementor-element-3b061c6\" data-id=\"3b061c6\" data-element_type=\"column\">\n\t\t\t<div class=\"elementor-widget-wrap elementor-element-populated\">\n\t\t\t\t\t\t\t\t<div class=\"elementor-element elementor-element-d912ba6 elementor-position-top elementor-vertical-align-top elementor-widget elementor-widget-image-box\" data-id=\"d912ba6\" data-element_type=\"widget\" data-widget_type=\"image-box.default\">\n\t\t\t\t<div class=\"elementor-widget-container\">\n\t\t\t<div class=\"elementor-image-box-wrapper\"><figure class=\"elementor-image-box-img\"><img width=\"407\" height=\"640\" src=\"https:\/\/banionis.lt\/wp-content\/uploads\/2021\/03\/Keleivis-be-bagaz\u030co.jpeg\" class=\"attachment-medium_large size-medium_large\" alt=\"\" loading=\"lazy\" srcset=\"https:\/\/banionis.lt\/wp-content\/uploads\/2021\/03\/Keleivis-be-bagaz\u030co.jpeg 407w, https:\/\/banionis.lt\/wp-content\/uploads\/2021\/03\/Keleivis-be-bagaz\u030co-191x300.jpeg 191w\" sizes=\"(max-width: 407px) 100vw, 407px\" \/><\/figure><div class=\"elementor-image-box-content\"><p class=\"elementor-image-box-description\">Keleivis be bagaz\u030co 1968<\/p><\/div><\/div>\t\t<\/div>\n\t\t\t\t<\/div>\n\t\t\t\t\t<\/div>\n\t\t<\/div>\n\t\t\t\t\t\t\t<\/div>\n\t\t<\/section>\n\t\t\t\t<section class=\"elementor-section elementor-top-section elementor-element elementor-element-14c04f3 elementor-section-boxed elementor-section-height-default elementor-section-height-default\" data-id=\"14c04f3\" data-element_type=\"section\">\n\t\t\t\t\t\t<div class=\"elementor-container elementor-column-gap-default\">\n\t\t\t\t\t<div class=\"elementor-column elementor-col-100 elementor-top-column elementor-element elementor-element-4e5a44b\" data-id=\"4e5a44b\" data-element_type=\"column\">\n\t\t\t<div class=\"elementor-widget-wrap elementor-element-populated\">\n\t\t\t\t\t\t\t\t<div class=\"elementor-element elementor-element-2a93ace elementor-widget elementor-widget-spacer\" data-id=\"2a93ace\" data-element_type=\"widget\" data-widget_type=\"spacer.default\">\n\t\t\t\t<div class=\"elementor-widget-container\">\n\t\t\t\t\t<div class=\"elementor-spacer\">\n\t\t\t<div class=\"elementor-spacer-inner\"><\/div>\n\t\t<\/div>\n\t\t\t\t<\/div>\n\t\t\t\t<\/div>\n\t\t\t\t\t<\/div>\n\t\t<\/div>\n\t\t\t\t\t\t\t<\/div>\n\t\t<\/section>\n\t\t\t\t\t\t<\/div>\n\t\t\t\t\t<\/div>\n\t\t","protected":false},"excerpt":{"rendered":"<p>Biografija Raimundas Banionis gim\u0117 1957 metais Panev\u0117\u017eyje, dramos teatro, vadovaujamo legendinio re\u017eisieriaus Juozo Miltinio, aktori\u0173 Donato Banionio ir Onos Banionien\u0117s \u0161eimoje. Pirm\u0105 kart\u0105 i\u0161\u0117jo \u012f scen\u0105 b\u016bdamas trej\u0173 met\u0173 \u2013 atliko epizodin\u012f vaidmen\u012f W. Shakespeare&#8217;o \u201eMakbete\u201c (re\u017e. J. Miltinis). Ne kart\u0105 vaidino \u012fvairiuose vaiki\u0161kuose spektakliuose, dalyvavo masin\u0117se scenose. Did\u017eiausias vaidmuo teatre \u2013 d\u0117d\u0117 Madansalis J. &hellip;<\/p>\n<p class=\"read-more\"> <a class=\"\" href=\"https:\/\/banionis.lt\/index.php\/biografija\/\"> <span class=\"screen-reader-text\">Biografija<\/span> Read More &raquo;<\/a><\/p>\n","protected":false},"author":1,"featured_media":0,"parent":0,"menu_order":0,"comment_status":"closed","ping_status":"closed","template":"elementor_header_footer","meta":[],"yoast_head":"<!-- This site is optimized with the Yoast SEO plugin v15.9 - https:\/\/yoast.com\/wordpress\/plugins\/seo\/ -->\n<title>Biografija | Raimundas Banionis<\/title>\n<meta name=\"robots\" content=\"index, follow, max-snippet:-1, max-image-preview:large, max-video-preview:-1\" \/>\n<link rel=\"canonical\" href=\"https:\/\/banionis.lt\/index.php\/biografija\/\" \/>\n<meta property=\"og:locale\" content=\"en_US\" \/>\n<meta property=\"og:type\" content=\"article\" \/>\n<meta property=\"og:title\" content=\"Biografija | Raimundas Banionis\" \/>\n<meta property=\"og:description\" content=\"Biografija Raimundas Banionis gim\u0117 1957 metais Panev\u0117\u017eyje, dramos teatro, vadovaujamo legendinio re\u017eisieriaus Juozo Miltinio, aktori\u0173 Donato Banionio ir Onos Banionien\u0117s \u0161eimoje. Pirm\u0105 kart\u0105 i\u0161\u0117jo \u012f scen\u0105 b\u016bdamas trej\u0173 met\u0173 \u2013 atliko epizodin\u012f vaidmen\u012f W. Shakespeare&#8217;o \u201eMakbete\u201c (re\u017e. J. Miltinis). Ne kart\u0105 vaidino \u012fvairiuose vaiki\u0161kuose spektakliuose, dalyvavo masin\u0117se scenose. Did\u017eiausias vaidmuo teatre \u2013 d\u0117d\u0117 Madansalis J. &hellip; Biografija Read More &raquo;\" \/>\n<meta property=\"og:url\" content=\"https:\/\/banionis.lt\/index.php\/biografija\/\" \/>\n<meta property=\"og:site_name\" content=\"Raimundas Banionis\" \/>\n<meta property=\"article:modified_time\" content=\"2021-03-04T14:08:34+00:00\" \/>\n<meta property=\"og:image\" content=\"http:\/\/banionis.lt\/wp-content\/uploads\/2021\/03\/Makbetas-1960-rotated.jpeg\" \/>\n<meta name=\"twitter:card\" content=\"summary_large_image\" \/>\n<script type=\"application\/ld+json\" class=\"yoast-schema-graph\">{\"@context\":\"https:\/\/schema.org\",\"@graph\":[{\"@type\":\"WebSite\",\"@id\":\"https:\/\/banionis.lt\/#website\",\"url\":\"https:\/\/banionis.lt\/\",\"name\":\"Raimundas Banionis\",\"description\":\"\",\"potentialAction\":[{\"@type\":\"SearchAction\",\"target\":\"https:\/\/banionis.lt\/?s={search_term_string}\",\"query-input\":\"required name=search_term_string\"}],\"inLanguage\":\"en-US\"},{\"@type\":\"ImageObject\",\"@id\":\"https:\/\/banionis.lt\/index.php\/biografija\/#primaryimage\",\"inLanguage\":\"en-US\",\"url\":\"http:\/\/banionis.lt\/wp-content\/uploads\/2021\/03\/Makbetas-1960-rotated.jpeg\"},{\"@type\":\"WebPage\",\"@id\":\"https:\/\/banionis.lt\/index.php\/biografija\/#webpage\",\"url\":\"https:\/\/banionis.lt\/index.php\/biografija\/\",\"name\":\"Biografija | Raimundas Banionis\",\"isPartOf\":{\"@id\":\"https:\/\/banionis.lt\/#website\"},\"primaryImageOfPage\":{\"@id\":\"https:\/\/banionis.lt\/index.php\/biografija\/#primaryimage\"},\"datePublished\":\"2021-02-14T16:17:08+00:00\",\"dateModified\":\"2021-03-04T14:08:34+00:00\",\"breadcrumb\":{\"@id\":\"https:\/\/banionis.lt\/index.php\/biografija\/#breadcrumb\"},\"inLanguage\":\"en-US\",\"potentialAction\":[{\"@type\":\"ReadAction\",\"target\":[\"https:\/\/banionis.lt\/index.php\/biografija\/\"]}]},{\"@type\":\"BreadcrumbList\",\"@id\":\"https:\/\/banionis.lt\/index.php\/biografija\/#breadcrumb\",\"itemListElement\":[{\"@type\":\"ListItem\",\"position\":1,\"item\":{\"@type\":\"WebPage\",\"@id\":\"https:\/\/banionis.lt\/\",\"url\":\"https:\/\/banionis.lt\/\",\"name\":\"Home\"}},{\"@type\":\"ListItem\",\"position\":2,\"item\":{\"@type\":\"WebPage\",\"@id\":\"https:\/\/banionis.lt\/index.php\/biografija\/\",\"url\":\"https:\/\/banionis.lt\/index.php\/biografija\/\",\"name\":\"Biografija\"}}]}]}<\/script>\n<!-- \/ Yoast SEO plugin. -->","_links":{"self":[{"href":"https:\/\/banionis.lt\/index.php\/wp-json\/wp\/v2\/pages\/28"}],"collection":[{"href":"https:\/\/banionis.lt\/index.php\/wp-json\/wp\/v2\/pages"}],"about":[{"href":"https:\/\/banionis.lt\/index.php\/wp-json\/wp\/v2\/types\/page"}],"author":[{"embeddable":true,"href":"https:\/\/banionis.lt\/index.php\/wp-json\/wp\/v2\/users\/1"}],"replies":[{"embeddable":true,"href":"https:\/\/banionis.lt\/index.php\/wp-json\/wp\/v2\/comments?post=28"}],"version-history":[{"count":65,"href":"https:\/\/banionis.lt\/index.php\/wp-json\/wp\/v2\/pages\/28\/revisions"}],"predecessor-version":[{"id":2741,"href":"https:\/\/banionis.lt\/index.php\/wp-json\/wp\/v2\/pages\/28\/revisions\/2741"}],"wp:attachment":[{"href":"https:\/\/banionis.lt\/index.php\/wp-json\/wp\/v2\/media?parent=28"}],"curies":[{"name":"wp","href":"https:\/\/api.w.org\/{rel}","templated":true}]}}