{"id":1295,"date":"2021-02-18T13:34:09","date_gmt":"2021-02-18T13:34:09","guid":{"rendered":"http:\/\/banionis.lt\/?page_id=1295"},"modified":"2021-02-18T13:41:05","modified_gmt":"2021-02-18T13:41:05","slug":"jolanta","status":"publish","type":"page","link":"https:\/\/banionis.lt\/index.php\/jolanta\/","title":{"rendered":"\u201eJolanta\u201c"},"content":{"rendered":"\t\t<div data-elementor-type=\"wp-page\" data-elementor-id=\"1295\" class=\"elementor elementor-1295\" data-elementor-settings=\"[]\">\n\t\t\t\t\t\t\t<div class=\"elementor-section-wrap\">\n\t\t\t\t\t\t\t<section class=\"elementor-section elementor-top-section elementor-element elementor-element-530e5ad elementor-section-full_width elementor-section-height-default elementor-section-height-default\" data-id=\"530e5ad\" data-element_type=\"section\">\n\t\t\t\t\t\t<div class=\"elementor-container elementor-column-gap-wide\">\n\t\t\t\t\t<div class=\"elementor-column elementor-col-100 elementor-top-column elementor-element elementor-element-ae1a5ca\" data-id=\"ae1a5ca\" data-element_type=\"column\">\n\t\t\t<div class=\"elementor-widget-wrap elementor-element-populated\">\n\t\t\t\t\t\t\t\t<div class=\"elementor-element elementor-element-7f1c490 elementor-widget elementor-widget-spacer\" data-id=\"7f1c490\" data-element_type=\"widget\" data-widget_type=\"spacer.default\">\n\t\t\t\t<div class=\"elementor-widget-container\">\n\t\t\t\t\t<div class=\"elementor-spacer\">\n\t\t\t<div class=\"elementor-spacer-inner\"><\/div>\n\t\t<\/div>\n\t\t\t\t<\/div>\n\t\t\t\t<\/div>\n\t\t\t\t<div class=\"elementor-element elementor-element-add7d6f elementor-widget elementor-widget-heading\" data-id=\"add7d6f\" data-element_type=\"widget\" data-widget_type=\"heading.default\">\n\t\t\t\t<div class=\"elementor-widget-container\">\n\t\t\t<h1 class=\"elementor-heading-title elementor-size-default\">\u201eJolanta\u201c<\/h1>\t\t<\/div>\n\t\t\t\t<\/div>\n\t\t\t\t<div class=\"elementor-element elementor-element-8e8bfab elementor-widget elementor-widget-spacer\" data-id=\"8e8bfab\" data-element_type=\"widget\" data-widget_type=\"spacer.default\">\n\t\t\t\t<div class=\"elementor-widget-container\">\n\t\t\t\t\t<div class=\"elementor-spacer\">\n\t\t\t<div class=\"elementor-spacer-inner\"><\/div>\n\t\t<\/div>\n\t\t\t\t<\/div>\n\t\t\t\t<\/div>\n\t\t\t\t<div class=\"elementor-element elementor-element-1a63d67 elementor-arrows-position-outside elementor-widget elementor-widget-image-carousel\" data-id=\"1a63d67\" data-element_type=\"widget\" data-settings=\"{&quot;slides_to_show&quot;:&quot;2&quot;,&quot;slides_to_scroll&quot;:&quot;1&quot;,&quot;navigation&quot;:&quot;arrows&quot;,&quot;autoplay&quot;:&quot;yes&quot;,&quot;pause_on_hover&quot;:&quot;yes&quot;,&quot;pause_on_interaction&quot;:&quot;yes&quot;,&quot;autoplay_speed&quot;:5000,&quot;infinite&quot;:&quot;yes&quot;,&quot;speed&quot;:500}\" data-widget_type=\"image-carousel.default\">\n\t\t\t\t<div class=\"elementor-widget-container\">\n\t\t\t\t\t<div class=\"elementor-image-carousel-wrapper swiper-container\" dir=\"ltr\">\n\t\t\t<div class=\"elementor-image-carousel swiper-wrapper\">\n\t\t\t\t<div class=\"swiper-slide\"><a data-elementor-open-lightbox=\"yes\" data-elementor-lightbox-slideshow=\"1a63d67\" data-elementor-lightbox-title=\"Jolanta1_lg\" href=\"https:\/\/banionis.lt\/wp-content\/uploads\/2021\/02\/Jolanta1_lg.jpg\"><figure class=\"swiper-slide-inner\"><img class=\"swiper-slide-image\" src=\"https:\/\/banionis.lt\/wp-content\/uploads\/2021\/02\/Jolanta1_lg-768x512.jpg\" alt=\"Jolanta1_lg\" \/><\/figure><\/a><\/div><div class=\"swiper-slide\"><a data-elementor-open-lightbox=\"yes\" data-elementor-lightbox-slideshow=\"1a63d67\" data-elementor-lightbox-title=\"Jolanta2_lg\" href=\"https:\/\/banionis.lt\/wp-content\/uploads\/2021\/02\/Jolanta2_lg.jpg\"><figure class=\"swiper-slide-inner\"><img class=\"swiper-slide-image\" src=\"https:\/\/banionis.lt\/wp-content\/uploads\/2021\/02\/Jolanta2_lg-768x512.jpg\" alt=\"Jolanta2_lg\" \/><\/figure><\/a><\/div><div class=\"swiper-slide\"><a data-elementor-open-lightbox=\"yes\" data-elementor-lightbox-slideshow=\"1a63d67\" data-elementor-lightbox-title=\"Jolanta3_lg\" href=\"https:\/\/banionis.lt\/wp-content\/uploads\/2021\/02\/Jolanta3_lg.jpg\"><figure class=\"swiper-slide-inner\"><img class=\"swiper-slide-image\" src=\"https:\/\/banionis.lt\/wp-content\/uploads\/2021\/02\/Jolanta3_lg-768x512.jpg\" alt=\"Jolanta3_lg\" \/><\/figure><\/a><\/div><div class=\"swiper-slide\"><a data-elementor-open-lightbox=\"yes\" data-elementor-lightbox-slideshow=\"1a63d67\" data-elementor-lightbox-title=\"Jolanta4_lg\" href=\"https:\/\/banionis.lt\/wp-content\/uploads\/2021\/02\/Jolanta4_lg.jpg\"><figure class=\"swiper-slide-inner\"><img class=\"swiper-slide-image\" src=\"https:\/\/banionis.lt\/wp-content\/uploads\/2021\/02\/Jolanta4_lg-768x512.jpg\" alt=\"Jolanta4_lg\" \/><\/figure><\/a><\/div><div class=\"swiper-slide\"><a data-elementor-open-lightbox=\"yes\" data-elementor-lightbox-slideshow=\"1a63d67\" data-elementor-lightbox-title=\"Jolanta5_lg\" href=\"https:\/\/banionis.lt\/wp-content\/uploads\/2021\/02\/Jolanta5_lg.jpg\"><figure class=\"swiper-slide-inner\"><img class=\"swiper-slide-image\" src=\"https:\/\/banionis.lt\/wp-content\/uploads\/2021\/02\/Jolanta5_lg-768x512.jpg\" alt=\"Jolanta5_lg\" \/><\/figure><\/a><\/div><div class=\"swiper-slide\"><a data-elementor-open-lightbox=\"yes\" data-elementor-lightbox-slideshow=\"1a63d67\" data-elementor-lightbox-title=\"Jolanta6_lg\" href=\"https:\/\/banionis.lt\/wp-content\/uploads\/2021\/02\/Jolanta6_lg.jpg\"><figure class=\"swiper-slide-inner\"><img class=\"swiper-slide-image\" src=\"https:\/\/banionis.lt\/wp-content\/uploads\/2021\/02\/Jolanta6_lg-768x512.jpg\" alt=\"Jolanta6_lg\" \/><\/figure><\/a><\/div><div class=\"swiper-slide\"><a data-elementor-open-lightbox=\"yes\" data-elementor-lightbox-slideshow=\"1a63d67\" data-elementor-lightbox-title=\"Jolanta7_lg\" href=\"https:\/\/banionis.lt\/wp-content\/uploads\/2021\/02\/Jolanta7_lg.jpg\"><figure class=\"swiper-slide-inner\"><img class=\"swiper-slide-image\" src=\"https:\/\/banionis.lt\/wp-content\/uploads\/2021\/02\/Jolanta7_lg-768x512.jpg\" alt=\"Jolanta7_lg\" \/><\/figure><\/a><\/div><div class=\"swiper-slide\"><a data-elementor-open-lightbox=\"yes\" data-elementor-lightbox-slideshow=\"1a63d67\" data-elementor-lightbox-title=\"Jolanta8_lg\" href=\"https:\/\/banionis.lt\/wp-content\/uploads\/2021\/02\/Jolanta8_lg.jpg\"><figure class=\"swiper-slide-inner\"><img class=\"swiper-slide-image\" src=\"https:\/\/banionis.lt\/wp-content\/uploads\/2021\/02\/Jolanta8_lg-768x512.jpg\" alt=\"Jolanta8_lg\" \/><\/figure><\/a><\/div><div class=\"swiper-slide\"><a data-elementor-open-lightbox=\"yes\" data-elementor-lightbox-slideshow=\"1a63d67\" data-elementor-lightbox-title=\"Jolanta9_lg\" href=\"https:\/\/banionis.lt\/wp-content\/uploads\/2021\/02\/Jolanta9_lg-1.jpg\"><figure class=\"swiper-slide-inner\"><img class=\"swiper-slide-image\" src=\"https:\/\/banionis.lt\/wp-content\/uploads\/2021\/02\/Jolanta9_lg-1-768x512.jpg\" alt=\"Jolanta9_lg\" \/><\/figure><\/a><\/div>\t\t\t<\/div>\n\t\t\t\t\t\t\t\t\t\t\t\t\t\t\t\t<div class=\"elementor-swiper-button elementor-swiper-button-prev\">\n\t\t\t\t\t\t<i class=\"eicon-chevron-left\" aria-hidden=\"true\"><\/i>\n\t\t\t\t\t\t<span class=\"elementor-screen-only\">Previous<\/span>\n\t\t\t\t\t<\/div>\n\t\t\t\t\t<div class=\"elementor-swiper-button elementor-swiper-button-next\">\n\t\t\t\t\t\t<i class=\"eicon-chevron-right\" aria-hidden=\"true\"><\/i>\n\t\t\t\t\t\t<span class=\"elementor-screen-only\">Next<\/span>\n\t\t\t\t\t<\/div>\n\t\t\t\t\t\t\t\t\t<\/div>\n\t\t\t\t<\/div>\n\t\t\t\t<\/div>\n\t\t\t\t\t<\/div>\n\t\t<\/div>\n\t\t\t\t\t\t\t<\/div>\n\t\t<\/section>\n\t\t\t\t<section class=\"elementor-section elementor-top-section elementor-element elementor-element-d743561 elementor-section-boxed elementor-section-height-default elementor-section-height-default\" data-id=\"d743561\" data-element_type=\"section\">\n\t\t\t\t\t\t<div class=\"elementor-container elementor-column-gap-default\">\n\t\t\t\t\t<div class=\"elementor-column elementor-col-100 elementor-top-column elementor-element elementor-element-18379a2\" data-id=\"18379a2\" data-element_type=\"column\">\n\t\t\t<div class=\"elementor-widget-wrap elementor-element-populated\">\n\t\t\t\t\t\t\t\t<div class=\"elementor-element elementor-element-c539a81 elementor-widget elementor-widget-heading\" data-id=\"c539a81\" data-element_type=\"widget\" data-widget_type=\"heading.default\">\n\t\t\t\t<div class=\"elementor-widget-container\">\n\t\t\t<h3 class=\"elementor-heading-title elementor-size-medium\">Karalius Rene: Taras BEREZHANSKY<br>\nRobertas: Evgeny MALOFEEV<br>\nVodemonas: Valentyn DYTIUK<br>\nEbn-Chakia: Sergey MAKIENKO<br>\nAlmerikas: Anatoly POGREBNOY<br>\nBertranas: Valdas KAZLAUSKAS<br>\nJolanta: Julia ALEXEEVA<br>\nMarta: Aurelija DOVYDAITIEN\u0116<br>\nBrigita: Judita BUTKYT\u0116-KOMOVIEN\u0116<br>\nLaura: Loreta RAMELIEN\u0116<br><br>\n\nDirigentas: Alexandr KHAINDRAVA<br>\nKostium\u0173 dailinink\u0117: Daiva PETRULYT\u0116<br>\nChoreograf\u0117: Vesta GRAB\u0160TAIT\u0116<br>\n\u0160viesos dailininkas: Vilius VILUTIS<br>\nVaizdo projekcij\u0173 dailininkas: Rimas SAKALAUSKAS<br><\/h3>\t\t<\/div>\n\t\t\t\t<\/div>\n\t\t\t\t\t<\/div>\n\t\t<\/div>\n\t\t\t\t\t\t\t<\/div>\n\t\t<\/section>\n\t\t\t\t<section class=\"elementor-section elementor-top-section elementor-element elementor-element-2930953 elementor-section-boxed elementor-section-height-default elementor-section-height-default\" data-id=\"2930953\" data-element_type=\"section\">\n\t\t\t\t\t\t<div class=\"elementor-container elementor-column-gap-default\">\n\t\t\t\t\t<div class=\"elementor-column elementor-col-100 elementor-top-column elementor-element elementor-element-0489e23\" data-id=\"0489e23\" data-element_type=\"column\">\n\t\t\t<div class=\"elementor-widget-wrap elementor-element-populated\">\n\t\t\t\t\t\t\t\t<div class=\"elementor-element elementor-element-ef00538 elementor-widget elementor-widget-heading\" data-id=\"ef00538\" data-element_type=\"widget\" data-widget_type=\"heading.default\">\n\t\t\t\t<div class=\"elementor-widget-container\">\n\t\t\t<h3 class=\"elementor-heading-title elementor-size-medium\"><br>Vaizdo med\u017eiaga<\/h3>\t\t<\/div>\n\t\t\t\t<\/div>\n\t\t\t\t<div class=\"elementor-element elementor-element-5a8d4d6 elementor-aspect-ratio-169 elementor-widget elementor-widget-video\" data-id=\"5a8d4d6\" data-element_type=\"widget\" data-settings=\"{&quot;youtube_url&quot;:&quot;https:\\\/\\\/www.youtube.com\\\/watch?v=4DWyn7LjYcc&amp;feature=emb_title&amp;ab_channel=RaimundasBanionis&quot;,&quot;video_type&quot;:&quot;youtube&quot;,&quot;controls&quot;:&quot;yes&quot;,&quot;aspect_ratio&quot;:&quot;169&quot;}\" data-widget_type=\"video.default\">\n\t\t\t\t<div class=\"elementor-widget-container\">\n\t\t\t\t\t<div class=\"elementor-wrapper elementor-fit-aspect-ratio elementor-open-inline\">\n\t\t\t<div class=\"elementor-video\"><\/div>\t\t<\/div>\n\t\t\t\t<\/div>\n\t\t\t\t<\/div>\n\t\t\t\t<div class=\"elementor-element elementor-element-2f9b5b3 elementor-aspect-ratio-169 elementor-widget elementor-widget-video\" data-id=\"2f9b5b3\" data-element_type=\"widget\" data-settings=\"{&quot;youtube_url&quot;:&quot;https:\\\/\\\/www.youtube.com\\\/watch?v=ruf4gwMgk5o&amp;feature=emb_title&amp;ab_channel=RaimundasBanionis&quot;,&quot;video_type&quot;:&quot;youtube&quot;,&quot;controls&quot;:&quot;yes&quot;,&quot;aspect_ratio&quot;:&quot;169&quot;}\" data-widget_type=\"video.default\">\n\t\t\t\t<div class=\"elementor-widget-container\">\n\t\t\t\t\t<div class=\"elementor-wrapper elementor-fit-aspect-ratio elementor-open-inline\">\n\t\t\t<div class=\"elementor-video\"><\/div>\t\t<\/div>\n\t\t\t\t<\/div>\n\t\t\t\t<\/div>\n\t\t\t\t<div class=\"elementor-element elementor-element-62cde42 elementor-widget elementor-widget-spacer\" data-id=\"62cde42\" data-element_type=\"widget\" data-widget_type=\"spacer.default\">\n\t\t\t\t<div class=\"elementor-widget-container\">\n\t\t\t\t\t<div class=\"elementor-spacer\">\n\t\t\t<div class=\"elementor-spacer-inner\"><\/div>\n\t\t<\/div>\n\t\t\t\t<\/div>\n\t\t\t\t<\/div>\n\t\t\t\t\t<\/div>\n\t\t<\/div>\n\t\t\t\t\t\t\t<\/div>\n\t\t<\/section>\n\t\t\t\t\t\t<\/div>\n\t\t\t\t\t<\/div>\n\t\t","protected":false},"excerpt":{"rendered":"<p>\u201eJolanta\u201c Previous Next Karalius Rene: Taras BEREZHANSKY Robertas: Evgeny MALOFEEV Vodemonas: Valentyn DYTIUK Ebn-Chakia: Sergey MAKIENKO Almerikas: Anatoly POGREBNOY Bertranas: Valdas KAZLAUSKAS Jolanta: Julia ALEXEEVA Marta: Aurelija DOVYDAITIEN\u0116 Brigita: Judita BUTKYT\u0116-KOMOVIEN\u0116 Laura: Loreta RAMELIEN\u0116 Dirigentas: Alexandr KHAINDRAVA Kostium\u0173 dailinink\u0117: Daiva PETRULYT\u0116 Choreograf\u0117: Vesta GRAB\u0160TAIT\u0116 \u0160viesos dailininkas: Vilius VILUTIS Vaizdo projekcij\u0173 dailininkas: Rimas SAKALAUSKAS Vaizdo med\u017eiaga<\/p>\n","protected":false},"author":1,"featured_media":0,"parent":0,"menu_order":0,"comment_status":"closed","ping_status":"closed","template":"elementor_header_footer","meta":[],"yoast_head":"<!-- This site is optimized with the Yoast SEO plugin v15.9 - https:\/\/yoast.com\/wordpress\/plugins\/seo\/ -->\n<title>\u201eJolanta\u201c | Raimundas Banionis<\/title>\n<meta name=\"robots\" content=\"index, follow, max-snippet:-1, max-image-preview:large, max-video-preview:-1\" \/>\n<link rel=\"canonical\" href=\"http:\/\/banionis.lt\/index.php\/jolanta\/\" \/>\n<meta property=\"og:locale\" content=\"en_US\" \/>\n<meta property=\"og:type\" content=\"article\" \/>\n<meta property=\"og:title\" content=\"\u201eJolanta\u201c | Raimundas Banionis\" \/>\n<meta property=\"og:description\" content=\"\u201eJolanta\u201c Previous Next Karalius Rene: Taras BEREZHANSKY Robertas: Evgeny MALOFEEV Vodemonas: Valentyn DYTIUK Ebn-Chakia: Sergey MAKIENKO Almerikas: Anatoly POGREBNOY Bertranas: Valdas KAZLAUSKAS Jolanta: Julia ALEXEEVA Marta: Aurelija DOVYDAITIEN\u0116 Brigita: Judita BUTKYT\u0116-KOMOVIEN\u0116 Laura: Loreta RAMELIEN\u0116 Dirigentas: Alexandr KHAINDRAVA Kostium\u0173 dailinink\u0117: Daiva PETRULYT\u0116 Choreograf\u0117: Vesta GRAB\u0160TAIT\u0116 \u0160viesos dailininkas: Vilius VILUTIS Vaizdo projekcij\u0173 dailininkas: Rimas SAKALAUSKAS Vaizdo med\u017eiaga\" \/>\n<meta property=\"og:url\" content=\"http:\/\/banionis.lt\/index.php\/jolanta\/\" \/>\n<meta property=\"og:site_name\" content=\"Raimundas Banionis\" \/>\n<meta property=\"article:modified_time\" content=\"2021-02-18T13:41:05+00:00\" \/>\n<meta property=\"og:image\" content=\"http:\/\/banionis.lt\/wp-content\/uploads\/2021\/02\/Jolanta1_lg-768x512.jpg\" \/>\n<meta name=\"twitter:card\" content=\"summary_large_image\" \/>\n<script type=\"application\/ld+json\" class=\"yoast-schema-graph\">{\"@context\":\"https:\/\/schema.org\",\"@graph\":[{\"@type\":\"WebSite\",\"@id\":\"https:\/\/banionis.lt\/index.php\/language\/en\/#website\",\"url\":\"https:\/\/banionis.lt\/index.php\/language\/en\/\",\"name\":\"Raimundas Banionis\",\"description\":\"\",\"potentialAction\":[{\"@type\":\"SearchAction\",\"target\":\"https:\/\/banionis.lt\/index.php\/language\/en\/?s={search_term_string}\",\"query-input\":\"required name=search_term_string\"}],\"inLanguage\":\"en-US\"},{\"@type\":\"ImageObject\",\"@id\":\"http:\/\/banionis.lt\/index.php\/jolanta\/#primaryimage\",\"inLanguage\":\"en-US\",\"url\":\"http:\/\/banionis.lt\/wp-content\/uploads\/2021\/02\/Jolanta1_lg-768x512.jpg\"},{\"@type\":\"WebPage\",\"@id\":\"http:\/\/banionis.lt\/index.php\/jolanta\/#webpage\",\"url\":\"http:\/\/banionis.lt\/index.php\/jolanta\/\",\"name\":\"\\u201eJolanta\\u201c | Raimundas Banionis\",\"isPartOf\":{\"@id\":\"https:\/\/banionis.lt\/index.php\/language\/en\/#website\"},\"primaryImageOfPage\":{\"@id\":\"http:\/\/banionis.lt\/index.php\/jolanta\/#primaryimage\"},\"datePublished\":\"2021-02-18T13:34:09+00:00\",\"dateModified\":\"2021-02-18T13:41:05+00:00\",\"breadcrumb\":{\"@id\":\"http:\/\/banionis.lt\/index.php\/jolanta\/#breadcrumb\"},\"inLanguage\":\"en-US\",\"potentialAction\":[{\"@type\":\"ReadAction\",\"target\":[\"http:\/\/banionis.lt\/index.php\/jolanta\/\"]}]},{\"@type\":\"BreadcrumbList\",\"@id\":\"http:\/\/banionis.lt\/index.php\/jolanta\/#breadcrumb\",\"itemListElement\":[{\"@type\":\"ListItem\",\"position\":1,\"item\":{\"@type\":\"WebPage\",\"@id\":\"https:\/\/banionis.lt\/\",\"url\":\"https:\/\/banionis.lt\/\",\"name\":\"Home\"}},{\"@type\":\"ListItem\",\"position\":2,\"item\":{\"@type\":\"WebPage\",\"@id\":\"http:\/\/banionis.lt\/index.php\/jolanta\/\",\"url\":\"http:\/\/banionis.lt\/index.php\/jolanta\/\",\"name\":\"\\u201eJolanta\\u201c\"}}]}]}<\/script>\n<!-- \/ Yoast SEO plugin. -->","_links":{"self":[{"href":"https:\/\/banionis.lt\/index.php\/wp-json\/wp\/v2\/pages\/1295"}],"collection":[{"href":"https:\/\/banionis.lt\/index.php\/wp-json\/wp\/v2\/pages"}],"about":[{"href":"https:\/\/banionis.lt\/index.php\/wp-json\/wp\/v2\/types\/page"}],"author":[{"embeddable":true,"href":"https:\/\/banionis.lt\/index.php\/wp-json\/wp\/v2\/users\/1"}],"replies":[{"embeddable":true,"href":"https:\/\/banionis.lt\/index.php\/wp-json\/wp\/v2\/comments?post=1295"}],"version-history":[{"count":4,"href":"https:\/\/banionis.lt\/index.php\/wp-json\/wp\/v2\/pages\/1295\/revisions"}],"predecessor-version":[{"id":1308,"href":"https:\/\/banionis.lt\/index.php\/wp-json\/wp\/v2\/pages\/1295\/revisions\/1308"}],"wp:attachment":[{"href":"https:\/\/banionis.lt\/index.php\/wp-json\/wp\/v2\/media?parent=1295"}],"curies":[{"name":"wp","href":"https:\/\/api.w.org\/{rel}","templated":true}]}}